 + 51. Determine k(-12).
27
Let x(h) = -h. What is x(-19)?
19
Let v(n) = -18*n + 55. Give v(4).
-17
Let h(d) = d**2 - 6*d + 9. Determine h(8).
25
Let c(g) = -g**3 + 32*g**2 + 31*g + 70. Calculate c(33).
4
Let u(y) = -y**2 + 15*y - 15. Calculate u(14).
-1
Let m(q) = -q**2 + 2*q - 1. What is m(6)?
-25
Let v(q) = -2*q + 32. Calculate v(14).
4
Let y(o) = -2*o**3 + 2*o**2 + 2*o - 1. Calculate y(3).
-31
Let z(c) = 5*c + 5. Calculate z(-5).
-20
Let m(v) = -v**2 + 13*v - 10. Calculate m(14).
-24
Let l(v) = -v**3 + 18*v**2 - 30*v - 21. Calculate l(16).
11
Let c(y) = 5*y - 1. Determine c(1).
4
Let z(a) = -18*a + 17. Determine z(2).
-19
Let f(l) = -l**3 - 13*l**2 - 13*l - 3. Give f(-12).
9
Let f(n) = -78*n + 2. Determine f(1).
-76
Let t(y) = y**3 - 24*y**2 + 45*y - 27. Determine t(22).
-5
Let l(r) = -r**3 - 7*r**2 - r - 6. Give l(-7).
1
Let j(q) = -3*q**2 + 26*q - 43. Calculate j(7).
-8
Let k(z) = z**3 - 12*z**2 - 15*z - 10. What is k(13)?
-36
Let m(v) = v**3 + 8*v**2 + 11*v - 12. Give m(-6).
-6
Let v(z) = -z**2 - 9*z + 10. Calculate v(-7).
24
Let j(k) = -8*k + 103. Calculate j(16).
-25
Let k(m) = -m**2 - 13*m - 26. Determine k(-9).
10
Let v(h) = -4*h - 3. What is v(-4)?
13
Let d(g) = -g**3 + 12*g**2 + 45*g - 4. Determine d(15).
-4
Let h(j) = -j**3 - 6*j**2 + 66*j + 406. Determine h(-6).
10
Let n(s) = 43*s + 2. What is n(1)?
45
Let k(g) = -g**2 - 3*g + 19. Calculate k(10).
-111
Let n(u) = -u**2 + 6*u - 1. Determine n(4).
7
Let w(j) = -13*j - 1. Calculate w(1).
-14
Let c(d) = -d**2 - d + 3. Give c(-4).
-9
Let p(m) = 5*m**2 - 2*m + 6. Give p(4).
78
Let c(r) = -r**3 + r + 5. Give c(2).
-1
Let t(i) = -7*i**3 - i**2 + 1. Give t(1).
-7
Let t(m) = 52*m**3 - 3*m**2 + m. Determine t(1).
50
Let p(l) = -l - 9. What is p(-22)?
13
Let b(t) = -2*t**2 + 11*t + 2. What is b(8)?
-38
Let z(t) = t**2 + t. Calculate z(-1).
0
Let s(q) = -q + 20. Determine s(25).
-5
Let a(b) = b**2 + 14*b + 12. Calculate a(-10).
-28
Let j(k) = k**3 + 6*k**2 + 28*k + 44. Give j(-2).
4
Let i(c) = -c**2 + 47*c + 87. Determine i(49).
-11
Let g(k) = -2*k**2 + 20*k - 19. What is g(8)?
13
Let k(p) = -5*p + 22. Calculate k(4).
2
Let u(p) = p**3 + 15*p**2 + 15*p + 11. Calculate u(-14).
-3
Let d(f) = -3*f + 26. Calculate d(9).
-1
Let d(p) = 3*p**2 - 7*p + 1. Give d(-2).
27
Let l(n) = -71*n**2 + n. Calculate l(1).
-70
Let i(w) = 2*w**2 + 23*w + 34. Give i(-9).
-11
Let k(u) = 32*u + 1. Determine k(-1).
-31
Let z(k) = -2*k**3 - 8*k**2 + 2*k + 1. Determine z(-4).
-7
Let g(r) = -r**3 + 10*r**2 + 10*r - 1. What is g(11)?
-12
Let b(s) = -2*s + 8. What is b(0)?
8
Let a(t) = -t**2 - 14*t - 6. Give a(-14).
-6
Let j(r) = -20*r**2 + 242*r - 25. Give j(12).
-1
Let y(r) = 3*r**2 + 2*r - 6. Calculate y(1).
-1
Let a(z) = -z**3 + 6*z - 15. What is a(0)?
-15
Let y(s) = 12*s**3 + 3*s**2 - 2*s - 4. Calculate y(-1).
-11
Let j(s) = s**3 + 16*s**2 - 12*s + 84. What is j(-17)?
-1
Let z(t) = 9*t + 171. What is z(-21)?
-18
Let t(f) = 4*f - 46. Determine t(23).
46
Let q(u) = 3*u**3 + 26*u**2 - 16*u - 18. Give q(-9).
45
Let j(v) = 2*v + 22. What is j(-15)?
-8
Let j(v) = v**3 + 13*v**2 - 30*v - 6. What is j(-15)?
-6
Let w(o) = -o**3 - 7*o**2 - 3*o - 7. Determine w(-6).
-25
Let t(d) = -3*d + 10. Determine t(10).
-20
Let b(f) = -8*f - 23. Give b(-3).
1
Let n(d) = d - 2. Determine n(-38).
-40
Let t(q) = -q**2 - 14*q - 7. What is t(-12)?
17
Let t(f) = f**3 - 7*f**2 - f + 49. Give t(6).
7
Let j(t) = -t**3 - 9*t**2 - 9*t + 5. Give j(-7).
-30
Let v(t) = -t**3 + 6*t**2 + 7. Give v(6).
7
Let b(w) = -w**2 - 17*w - 7. Calculate b(-17).
-7
Let r(q) = 4*q**3 + 24*q**2 - 3*q - 19. Give r(-6).
-1
Let b(m) = -2*m + 12. What is b(7)?
-2
Let g(v) = 26*v - 49. Determine g(3).
29
Let n(t) = -t**2 + 7*t - 5. Determine n(6).
1
Let f(m) = -8*m**2 - 361*m - 50. What is f(-45)?
-5
Let j(y) = y**2 + 3*y - 6. What is j(-4)?
-2
Let p(k) = 20*k - 11. Calculate p(1).
9
Let x(i) = -3*i**3 + 13*i**2 + 3*i + 38. What is x(5)?
3
Let f(g) = 7*g - 5. Give f(-2).
-19
Let s(h) = 8*h**2 + 2*h - 15. Give s(-4).
105
Let q(b) = 20*b - 1. What is q(1)?
19
Let i(q) = -2*q**2 + 10*q + 6. Calculate i(5).
6
Let s(q) = 11*q + 5. Calculate s(-3).
-28
Let f(j) = -37*j + 5. What is f(-1)?
42
Let d(r) = r**2 + r + 5. Calculate d(-6).
35
Let g(h) = -4*h**2 - h + 1. Give g(2).
-17
Let z(g) = -2*g**3 + 23*g**2 - 12*g + 18. Determine z(11).
7
Let w(k) = 9*k**3 - 151*k**2 - 35*k + 14. Determine w(17).
-3
Let r(f) = -43*f + 16. Give r(-4).
188
Let s(l) = l**3 - 37*l**2 - 2*l + 49. What is s(37)?
-25
Let j(i) = -6*i - 35. Calculate j(-6).
1
Let y(x) = -x**3 + 11*x**2 + 7*x + 14. What is y(12)?
-46
Let r(z) = 4*z + 9. Determine r(3).
21
Let x(g) = g**3 + g**2 + g - 1. Give x(-3).
-22
Let w(t) = -t**2 + 25*t - 45. Determine w(23).
1
Let r(x) = -x**2 - 3*x + 6. What is r(-5)?
-4
Let h(n) = n**3 + 11*n**2 - 11*n - 7. Calculate h(-12).
-19
Let t(d) = -14*d**2 - 18*d - 18. Calculate t(-1).
-14
Let u(l) = l**2 + l - 3. Determine u(-3).
3
Let d(n) = -26*n - 2. What is d(-1)?
24
Let l(g) = g**2 - 30*g + 88. Calculate l(3).
7
Let c(r) = r**3 + 2*r**2 - 5*r + 23. Determine c(-7).
-187
Let p(h) = -12*h. Give p(-2).
24
Let c(q) = -q**2 - q - 23. Give c(0).
-23
Let l(u) = u**3 + 21*u**2 + 22*u + 22. Give l(-20).
-18
Let p(f) = -f**2 + f - 1. Determine p(2).
-3
Let j(t) = -4*t**2 + 31*t - 17. Calculate j(7).
4
Let o(p) = -p + 6. Calculate o(13).
-7
Let k(f) = -f**2 - 22*f - 12. Determine k(-9).
105
Let b(f) = -51*f + 505. Calculate b(10).
-5
Let x(g) = -g**3 - 12*g**2 - 13*g - 16. Determine x(-11).
6
Let w(h) = -3*h**2 - 53*h + 141. Give w(-20).
1
Let j(k) = -3*k**2 - 8*k - 10. Determine j(-2).
-6
Let o(a) = -a**3 - 6*a**2 + 13*a - 11. Give o(-8).
13
Let t(p) = p**2 - p - 2. What is t(-2)?
4
Let p(r) = -r**3 + 4*r**2 + 9*r + 14. Determine p(-4).
106
Let i(o) = -2*o**2 + 6*o + 7. Give i(5).
-13
Let o(l) = -l**3 - 15*l**2 + 14*l - 20. Determine o(-16).
12
Let a(t) = -5*t - 1. Give a(1).
-6
Let i(m) = 7*m - 4. Calculate i(-12).
-88
Let t(n) = -n**3 + 6*n**2 + 9*n - 10. Give t(7).
4
Let q(v) = -v**3 + 24*v**2 + 52*v - 7. Determine q(26).
-7
Let q(l) = -l**3 + 3*l**2 + 6*l - 7. Determine q(5).
-27
Let h(s) = 28*s + 3. Determine h(-2).
-53
Let d(f) = 2*f - 4. Determine d(7).
10
Let f(p) = p**3 + p + 12. Calculate f(0).
12
Let p(a) = a**3 - a**2 + 2*a - 6. What is p(4)?
50
Let y(a) = -5*a - 3. Calculate y(-1).
2
Let j(x) = -x**2 + 5. What is j(4)?
-11
Let q(b) = -3*b**2 - 120*b + 114. Calculate q(-41).
-9
Let s(x) = -x**3 + 5*x**2 + 17*x - 20. Calculate s(7).
1
Let q(s) = -6*s + 42. Determine q(11).
-24
Let g(f) = -f**2 + 9*f - 37. Determine g(4).
-17
Let w(a) = -2*a**2 + a + 6. Give w(0).
6
Let q(v) = v**2 + 9*v + 12. Determine q(-10).
22
Let b(g) = g**3 - 24*g**2 + 22*g + 19. Give b(23).
-4
Let f(j) = -4*j**2 + 5*j. Determine f(5).
-75
Let j(x) = x**3 + 6*x**2 + 5*x + 17. Determine j(-6).
-13
Let c(d) = d**3 - 6*d**2 + 51*d - 168. Calculate c(4).
4
Let a(s) = -s**3 + 3*s**2 + 7*s - 6. Determine a(4).
6
Let x(m) = 3*m - 2. What is x(-3)?
-11
Let h(a) = -a**2 + 3*a + 10. Determine h(0).
10
Let r(b) = b**2 - 20*b + 103. What is r(10)?
3
Let n(f) = f**2 - 2*f - 13. What is n(-4)?
11
Let p(z) = z**2 + 22*z + 10. Give p(0).
10
Let d(q) = -3*q + 3. What is d(5)?
-12
Let b(k) = -k**2 + k. What is b(2)?
-2
Let f(y) = 2*y**3 - 3*y**2 - 7*y - 5. What is f(-2)?
-19
Let x(z) = z**2 - 6*z - 11. Calculate x(0).
-11
Let h(u) = u**3 + 7*u**2 + 8*u + 13. Calculate h(-5).
23
Let v(k) = -8*k - 4. Give v(-3).
20
Let m(g) = -11*g + 115. What is m(9)?
16
Let o(l) = -l**2 - 7*l + 20. Give o(-9).
2
Let z(r) = 7*r**3 - r**2 - r + 2. What is z(-1)?
-5
Let y(i) = 17*i**2 + 218*i - 17. What is y(-13)?
22
Let k(v) = 2*v**2 - 21*v + 59. Give k(5).
4
Let c(n) = -n**3 + 10*n**2 - 27*n + 4. Calculate c(5).
-6
Let s(d) = -5*d - 105. Calculate s(-21).
0
Let y(n) = n**2 - 4. Determine y(3).
5
Let y(l) = 87*l + 81. Determine y(-1).
-6
Let b(m) = -m + 12. Determine b(5).
7
Let z(y) = -4*y**3 - 2*y + 2. What is z(1)?
-4
Let q(t) = t - 8. What is q(11)?
3
Let b(q) = q**3 - 7*q**2 - 10*q + 8. Determine b(8).
-8
Let i(d) = -8*d + 22. Determine i(4).
-10
Let f(k) = -6*k**3 - 3*k + 2. Give f(1).
-7
Let v(c) = 65*c + 325. Calculate v(-5).
0
Let b(w) = -w**3 + 12*w**2 + w. What is b(12)?
12
Let b(d) = 3*d - 27. Determine b(7).
-6
Let v(z) = z - 1. D